
What is the remainder when 3295637 is divided by 4590?
17
Calculate the remainder when 5689664 is divided by 1422403.
52
What is the remainder when 1322034 is divided by 18?
6
What is the remainder when 79879244 is divided by 2355?
2354
What is the remainder when 8259977 is divided by 2570?
2567
What is the remainder when 9579900 is divided by 107?
83
Calculate the remainder when 76962 is divided by 10466.
3700
What is the remainder when 38270 is divided by 7649?
25
Calculate the remainder when 584973 is divided by 89.
65
Calculate the remainder when 25956361 is divided by 648909.
1
Calculate the remainder when 173696 is divided by 324.
32
Calculate the remainder when 89344 is divided by 1574.
1200
Calculate the remainder when 10184931 is divided by 311.
303
Calculate the remainder when 425348 is divided by 6368.
5060
Calculate the remainder when 15895909 is divided by 179.
172
What is the remainder when 11700 is divided by 3165?
2205
Calculate the remainder when 106072 is divided by 7485.
1282
What is the remainder when 1530603 is divided by 123?
114
Calculate the remainder when 30685888 is divided by 4395.
4393
What is the remainder when 64983741 is divided by 21?
18
What is the remainder when 30010 is divided by 311?
154
What is the remainder when 45323319 is divided by 19?
16
Calculate the remainder when 23181 is divided by 301.
4
Calculate the remainder when 11853241 is divided by 113.
106
Calculate the remainder when 651127 is divided by 1042.
919
What is the remainder when 9781407 is divided by 9781388?
19
Calculate the remainder when 32587 is divided by 10748.
343
What is the remainder when 168182990 is divided by 168182985?
5
Calculate the remainder when 30117789 is divided by 13530.
9
What is the remainder when 50222 is divided by 12253?
1210
What is the remainder when 131607 is divided by 12927?
2337
What is the remainder when 415202 is divided by 29654?
46
What is the remainder when 2388058 is divided by 780?
478
What is the remainder when 1966765 is divided by 347?
316
What is the remainder when 78412 is divided by 1565?
162
What is the remainder when 108502308 is divided by 3013953?
0
Calculate the remainder when 41876746 is divided by 2692.
2686
What is the remainder when 67442304 is divided by 354?
348
What is the remainder when 384314 is divided by 3805?
9
Calculate the remainder when 108973 is divided by 108387.
586
Calculate the remainder when 9641 is divided by 2082.
1313
Calculate the remainder when 39951 is divided by 5582.
877
Calculate the remainder when 723152 is divided by 36154.
72
What is the remainder when 14620523 is divided by 58?
57
Calculate the remainder when 20612 is divided by 6740.
392
Calculate the remainder when 324822 is divided by 21590.
972
What is the remainder when 55137297 is divided by 149?
145
What is the remainder when 51817484 is divided by 51817458?
26
What is the remainder when 11466860 is divided by 1433356?
12
Calculate the remainder when 249192 is divided by 9579.
138
Calculate the remainder when 65071701 is divided by 1308.
9
What is the remainder when 618747553 is divided by 1445?
1443
What is the remainder when 59663648 is divided by 641?
9
Calculate the remainder when 1164096526 is divided by 12.
10
Calculate the remainder when 2137771 is divided by 1248.
1195
What is the remainder when 10407048 is divided by 40?
8
What is the remainder when 325690 is divided by 5957?
4012
Calculate the remainder when 1603364 is divided by 3013.
448
What is the remainder when 431468 is divided by 897?
11
Calculate the remainder when 246995711 is divided by 5664.
5663
Calculate the remainder when 1608144 is divided by 728.
720
What is the remainder when 25054973 is divided by 2579?
2567
What is the remainder when 11012074 is divided by 1175?
1149
Calculate the remainder when 6150733 is divided by 81.
79
Calculate the remainder when 891292 is divided by 377.
64
What is the remainder when 38327900 is divided by 23?
10
What is the remainder when 131156558 is divided by 4403?
4397
What is the remainder when 279658 is divided by 9?
1
Calculate the remainder when 4509216 is divided by 61770.
6
What is the remainder when 271134 is divided by 213?
198
What is the remainder when 173742 is divided by 9605?
852
Calculate the remainder when 1257195 is divided by 628596.
3
What is the remainder when 2685382 is divided by 140?
42
What is the remainder when 8633304 is divided by 1467?
9
What is the remainder when 2743247 is divided by 137162?
7
Calculate the remainder when 2347563 is divided by 782349.
516
Calculate the remainder when 4139892 is divided by 727.
354
Calculate the remainder when 9198531 is divided by 47.
20
What is the remainder when 2573390 is divided by 5757?
11
Calculate the remainder when 81528211 is divided by 505.
1
What is the remainder when 1480241 is divided by 2?
1
What is the remainder when 14353 is divided by 3403?
741
Calculate the remainder when 2280888 is divided by 56.
8
What is the remainder when 42002 is divided by 970?
292
What is the remainder when 1299694 is divided by 63?
4
Calculate the remainder when 4823787 is divided by 109624.
331
What is the remainder when 1026714 is divided by 138?
132
What is the remainder when 959883 is divided by 102?
63
Calculate the remainder when 1323864 is divided by 220642.
12
What is the remainder when 1360932 is divided by 2452?
72
What is the remainder when 901062 is divided by 77?
8
What is the remainder when 7344852 is divided by 71?
44
What is the remainder when 6139583 is divided by 323?
322
What is the remainder when 698377 is divided by 640?
137
What is the remainder when 10549520 is divided by 26308?
12
What is the remainder when 55946 is divided by 55664?
282
Calculate the remainder when 2303784 is divided by 4571.
0
What is the remainder when 324354521 is divided by 20918?
13
What is the remainder when 8725388 is divided by 6228?
6188
What is the remainder when 81489505 is divided by 3004?
3001
What is the remainder when 7943463 is divided by 29?
15
Calculate the remainder when 187236 is divided by 284.
80
What is the remainder when 17051 is divided by 2361?
524
Calculate the remainder when 2149625 is divided by 107.
102
Calculate the remainder when 246810 is divided by 10730.
20
What is the remainder when 33794271 is divided by 5655?
5646
What is the remainder when 4050501 is divided by 289308?
189
What is the remainder when 79500 is divided by 9916?
172
Calculate the remainder when 1973731 is divided by 657803.
322
What is the remainder when 511295 is divided by 108?
23
Calculate the remainder when 1201176 is divided by 44487.
27
Calculate the remainder when 967717 is divided by 2789.
2723
Calculate the remainder when 1408251 is divided by 1437.
1428
What is the remainder when 386454 is divided by 709?
49
Calculate the remainder when 67195 is divided by 81.
46
What is the remainder when 120830 is divided by 6365?
6260
Calculate the remainder when 4523276 is divided by 196654.
234
Calculate the remainder when 265261 is divided by 1508.
1361
Calculate the remainder when 3606608615 is divided by 9698.
9697
What is the remainder when 204252 is divided by 3608?
2204
Calculate the remainder when 189311 is divided by 130.
31
Calculate the remainder when 732318 is divided by 8807.
1337
What is the remainder when 238437 is divided by 5961?
5958
What is the remainder when 43692 is divided by 855?
87
Calculate the remainder when 29120044 is divided by 398.
374
Calculate the remainder when 60571 is divided by 2150.
371
Calculate the remainder when 1424195 is divided by 56963.
120
What is the remainder when 7327420 is divided by 9616?
28
What is the remainder when 53821 is divided by 3837?
103
Calculate the remainder when 7396 is divided by 957.
697
What is the remainder when 82239 is divided by 2932?
143
What is the remainder when 281972 is divided by 11748?
20
Calculate the remainder when 6619561 is divided by 112.
25
What is the remainder when 4717689 is divided by 24?
9
Calculate the remainder when 1342892 is divided by 1342703.
189
What is the remainder when 493670 is divided by 98734?
0
Calculate the remainder when 247501 is divided by 81680.
2461
Calculate the remainder when 3281405 is divided by 1251.
32
Calculate the remainder when 211